f 2145429 and 65.
13
What is the highest common factor of 1861349 and 495257?
973
Calculate the highest common factor of 216783833 and 53.
53
Calculate the highest common factor of 454509 and 24.
3
What is the highest common divisor of 100551 and 43681?
121
What is the highest common factor of 49 and 713894?
1
Calculate the highest common divisor of 2695 and 6215.
55
What is the highest common factor of 302002407 and 4702?
2351
Calculate the highest common factor of 7622936 and 92.
92
Calculate the greatest common divisor of 339 and 113343.
3
Calculate the greatest common factor of 41723 and 15274411.
3793
Calculate the greatest common factor of 210 and 8314880.
70
Calculate the highest common factor of 51926279 and 17.
17
Calculate the greatest common factor of 630297 and 2133.
9
Calculate the greatest common divisor of 37718584 and 56.
8
Calculate the greatest common divisor of 226 and 46948788.
226
What is the highest common divisor of 51309 and 981?
9
Calculate the highest common factor of 35670 and 247080.
870
Calculate the highest common divisor of 1232 and 146036.
44
Calculate the greatest common divisor of 12168 and 40698216.
936
What is the greatest common divisor of 15737063 and 764?
191
Calculate the highest common factor of 16317 and 1850814.
2331
What is the greatest common factor of 368 and 7556816?
16
What is the greatest common divisor of 152 and 855266?
38
Calculate the highest common divisor of 5245352 and 539.
49
Calculate the greatest common factor of 432 and 110835696.
48
Calculate the highest common divisor of 191542 and 154802771.
7367
What is the highest common divisor of 83959384 and 1448?
1448
Calculate the highest common factor of 2279000 and 795848.
424
Calculate the highest common divisor of 527 and 145577953.
527
Calculate the highest common factor of 426582272 and 10797.
3599
Calculate the highest common divisor of 8671247 and 117.
13
What is the highest common factor of 625689 and 89091?
171
What is the greatest common factor of 1710 and 31?
1
What is the greatest common divisor of 31072 and 3840?
32
Calculate the greatest common divisor of 3712 and 431935744.
3712
What is the greatest common divisor of 1484 and 39185656?
212
Calculate the greatest common divisor of 2908 and 480503380.
2908
What is the greatest common factor of 206860 and 23120?
20
What is the highest common factor of 485095908 and 16?
4
What is the highest common divisor of 294520903 and 9214?
4607
Calculate the highest common divisor of 58396 and 208.
52
What is the highest common factor of 11401 and 16997137?
877
Calculate the highest common factor of 86135 and 18439330.
805
Calculate the highest common factor of 695856 and 38546592.
6384
Calculate the highest common divisor of 29222947 and 819.
13
Calculate the highest common divisor of 870 and 51512178.
174
What is the greatest common factor of 10 and 154217515?
5
Calculate the greatest common divisor of 191 and 816393974.
191
What is the highest common factor of 425 and 24737465?
85
Calculate the highest common divisor of 221210 and 146.
2
What is the highest common factor of 625275 and 53725?
175
Calculate the greatest common factor of 125 and 2534215125.
125
Calculate the highest common factor of 19052981 and 16788.
1399
Calculate the greatest common divisor of 10920 and 1523760.
840
Calculate the greatest common divisor of 67123 and 2345.
7
What is the highest common divisor of 49392297 and 90?
9
What is the greatest common divisor of 164 and 76004?
4
What is the greatest common factor of 129610635 and 1265?
1265
Calculate the greatest common divisor of 53218 and 29438.
82
Calculate the greatest common factor of 470 and 11088710.
470
What is the highest common divisor of 259545 and 221?
13
Calculate the greatest common divisor of 315 and 558495.
315
What is the greatest common factor of 83167398 and 45?
9
Calculate the highest common divisor of 4128 and 57650960.
688
What is the highest common factor of 122060 and 9860?
340
What is the greatest common factor of 118446 and 65778?
114
What is the highest common divisor of 24936 and 18048?
24
Calculate the highest common factor of 22 and 104470982.
22
Calculate the highest common divisor of 1750 and 12901630.
70
Calculate the highest common divisor of 42 and 39464439.
21
What is the greatest common divisor of 6 and 2901069?
3
What is the highest common factor of 88077 and 37371?
3
Calculate the highest common divisor of 1318163 and 1071.
119
What is the greatest common divisor of 1893650 and 129470?
1210
Calculate the highest common divisor of 2178391487 and 109.
109
What is the highest common divisor of 260597868 and 36?
12
What is the highest common divisor of 125 and 875345?
5
What is the greatest common factor of 13977402 and 18?
6
Calculate the highest common factor of 75067438 and 8202.
2734
What is the greatest common divisor of 3312 and 8303?
23
Calculate the greatest common factor of 736 and 1021.
1
What is the greatest common divisor of 7120770 and 1940?
970
Calculate the greatest common divisor of 8917 and 25552025.
241
What is the greatest common divisor of 32683 and 165416?
667
What is the highest common divisor of 8372 and 976465?
161
What is the greatest common factor of 561827475 and 121?
11
Calculate the highest common factor of 1845150 and 24.
6
What is the highest common factor of 69396257 and 14?
7
Calculate the greatest common divisor of 22880 and 201655168.
4576
What is the highest common factor of 66381 and 87381?
21
What is the greatest common factor of 217 and 156508894?
31
What is the highest common divisor of 2508900 and 534?
6
What is the greatest common divisor of 310 and 15540455?
155
What is the greatest common divisor of 20299141 and 6355?
1271
What is the highest common factor of 6704414 and 158?
158
Calculate the highest common factor of 534153 and 22881.
789
What is the highest common divisor of 1241 and 4443437?
73
What is the greatest common factor of 12717477 and 24?
3
What is the highest common divisor of 879333 and 11130?
21
Calculate the highest common factor of 8400 and 1096272.
48
Calculate the greatest common factor of 6975 and 1780725.
75
What is the highest common factor of 106540 and 6580?
140
Calculate the highest common factor of 1980 and 1115390.
10
What is the highest common factor of 449 and 35428345?
449
Calculate the greatest common divisor of 90869276 and 632.
316
Calculate the highest common divisor of 487870 and 8.
2
Calculate the greatest common divisor of 731948 and 9156.
28
What is the highest common factor of 610827 and 8161615?
3451
What is the greatest common divisor of 5778 and 6678084?
642
Calculate the greatest common divisor of 1590 and 5193205.
265
Calculate the highest common divisor of 2041 and 1351237927.
2041
What is the greatest common factor of 69413191 and 22745?
4549
Calculate the greatest common factor of 3100418 and 402.
2
What is the greatest common factor of 160 and 242657470?
10
What is the highest common divisor of 313 and 1192505586?
313
What is the highest common factor of 3885393 and 3?
3
What is the greatest common factor of 424649712 and 23136?
11568
What is the greatest common divisor of 1763892 and 3744?
468
What is the highest common factor of 74672 and 335809318?
9334
What is the greatest common divisor of 879474 and 18906?
138
What is the highest common factor of 8337944 and 72?
8
Calculate the highest common factor of 2045 and 21591110.
2045
Calculate the greatest common divisor of 4896 and 561648.
48
Calculate the highest common factor of 1425 and 6094155.
285
What is the greatest common factor of 412992 and 3296?
32
Calculate the highest common factor of 23650 and 15550.
50
What is the greatest common factor of 36 and 253293498?
18
What is the greatest common divisor of 126 and 84158739?
63
Calculate the greatest common divisor of 674814117 and 219.
219
Calculate the highest common divisor of 1262988 and 297.
9
Calculate the greatest common divisor of 2177606 and 1548.
86
What is the highest common factor of 191451 and 136929?
39
Calculate the greatest common factor of 36086957 and 218.
109
Calculate the greatest common factor of 1191453 and 201.
3
Calculate the greatest common divisor of 9120 and 187378.
38
What is the greatest common divis